and 14?
2
Let v(u) = -2*u**3 - 9*u**2 + 17*u + 10. Let y(h) = h**3 - h**2 - h - 1. Let k(r) = v(r) - y(r). Let o be k(-7). What is the greatest common factor of 58 and o?
58
Let a(v) = -v**2 + 121*v - 3510. Let s be a(50). Calculate the greatest common factor of 4840 and s.
40
Let t = -347 + 581. Calculate the greatest common factor of 54 and t.
18
Let f(i) = -2 + 4 + 0 - 126*i - 7*i. Let h be f(-1). Let a be (10/4)/(4/24). Calculate the greatest common factor of a and h.
15
Let t = -1833 + 1887. Calculate the greatest common factor of t and 2322.
54
Let j(i) = 13*i + 28. Suppose 4*d - 2*q + 3 = 7*d, -4*d + 3*q - 13 = 0. Let s be j(d). What is the highest common divisor of 825 and s?
15
Suppose 2*i - 5*b = 243 + 1595, 2*i + 4*b - 1856 = 0. Calculate the greatest common factor of 420 and i.
84
Suppose 0 = 339*j - 439*j + 6 + 794. Let q = 15 - 1. Calculate the greatest common divisor of j and q.
2
Suppose 1964 = 70*n - 65*n - 2*k, 4*n - 4*k - 1564 = 0. What is the greatest common factor of n and 5319?
197
Suppose -5*y - 8*y = -30*y + 101830. What is the highest common factor of 10 and y?
10
Let u = -24092 - -27335. What is the greatest common factor of u and 368?
23
Let o = 5345 + -5184. Suppose -6*n + 345 = -n. What is the highest common factor of n and o?
23
Let j be 72/20*(0 + (-10)/(-6)). Suppose -2*a + 6 = -j. Calculate the highest common divisor of a and 78.
6
Let m = 11390 + -11370. What is the highest common factor of m and 2290?
10
Suppose -2 = p, 62 = -3*n + 3*p + 119. Calculate the highest common factor of 12359 and n.
17
Let r = 1213 - 852. What is the highest common divisor of 285 and r?
19
Let l be (-8 - (-4635)/(-5))/(-1). Suppose -12*i = -l - 565. Calculate the highest common divisor of 50 and i.
25
Suppose 5*v - 2878 = -4*o, -237*v + 242*v = -o + 742. What is the highest common divisor of 72 and o?
8
Suppose 23*p - 4*p = 1178. Let a be p/(-6)*(-8 - 1). Calculate the greatest common divisor of 124 and a.
31
Let g = 45939 - 45903. Calculate the greatest common factor of 11574 and g.
18
Let z = -198 - -372. Suppose -4*u - 56 = -a, 5*a + 4*u - z - 34 = 0. Let j be (-244)/(-11) + (-8)/a - -3. Calculate the highest common divisor of 150 and j.
25
Suppose -4*s - 3*s = s. Suppose -3*o + i + 118 = 0, -2*o + 4*i + 77 + 5 = s. Let m = 44 - o. What is the greatest common factor of 1 and m?
1
Let h(w) = 8*w**3 + 888. Let g be h(0). What is the highest common divisor of g and 60?
12
Let u(j) = 19*j + 4. Let a be u(5). Suppose 37*m = 36*m + a. Let g = m - -378. What is the highest common divisor of 53 and g?
53
Suppose 2*v = 5*g - 1983 + 541, -2*g - 2*v + 560 = 0. Suppose 4*o - u + 89 - 265 = 0, -3*u = o - 44. What is the greatest common factor of g and o?
22
Suppose -1023 - 1068 = -41*j. What is the greatest common divisor of 4131 and j?
51
Suppose -o + 3*u + 306 = 0, -3*o = 34*u - 30*u - 840. What is the highest common factor of o and 2208?
96
Let t(w) = -9*w - 37. Let y be t(7). Let r = -86 - y. Let z = r + -8. Calculate the highest common factor of 30 and z.
6
Let j be (56/2856*-17)/(1/(-399)). Calculate the greatest common factor of 203 and j.
7
Let o = 5190 + -3969. Calculate the greatest common factor of 66 and o.
33
Suppose -122*c = -2228 - 2286. What is the greatest common divisor of c and 11?
1
Suppose 4*f = 12 + 4. Suppose f*x = -5*x + 396. Let b = 282 + -172. Calculate the highest common divisor of x and b.
22
Let o be ((-72)/21)/(9451/728 + -13). Calculate the highest common factor of o and 136.
8
Let n(l) = -45*l**2 - 1151*l + 7. Let m be n(-24). What is the highest common factor of 29 and m?
29
Let t(w) = -1443*w**3 + 4*w**2 - 6*w - 4. Let h be t(-1). What is the greatest common factor of h and 92?
23
Suppose 147*f = -5*a + 146*f + 10476, -4*a + 8378 = -2*f. What is the greatest common factor of a and 10?
5
Let b be (((-230)/(-4))/5)/((-14)/(-28)). Let t(y) = 43*y - 11. Let n be t(4). What is the greatest common factor of n and b?
23
Let s be ((-6)/(-8))/((-48)/(-448)) + -1. Suppose -5*b + s*b - 9 = -2*j, 12 = j + 2*b. What is the highest common factor of 1 and j?
1
Let k = 105524 - 105464. Suppose 4*c = -3*b + 48, 33 = 3*b - 0*c - c. Suppose -a + 12 = -b. Calculate the greatest common divisor of a and k.
12
Suppose 5*v - 591 = -4*n, 50*n = -5*v + 45*n + 590. Let f be 1/(-3) - 1025/(-15). Calculate the greatest common factor of f and v.
17
Let u(y) = 4*y**3 - 2*y**2 - 3*y - 1. Let l be u(3). Suppose -5*r - 128 = 27. Let z = r + 63. What is the highest common divisor of l and z?
16
Suppose 15*c = 8178 + 2127. Calculate the highest common factor of c and 3.
3
Let p be 35*(-5 + 1 - 1885/(-455)). Let v = 236 + -141. Calculate the greatest common factor of p and v.
5
Suppose -3*i = 3*y - 81, -10*y = 3*i - 15*y - 177. Suppose 0 = 3*m - b - 1271 - 716, -m + 2*b = -659. Calculate the highest common factor of i and m.
39
Let g(p) = -p**2 - 51*p + 294. Let t be g(-56). What is the greatest common divisor of 1162 and t?
14
Let l = 12049 - 12001. Calculate the highest common divisor of l and 768.
48
Let d(c) = 2*c + 34. Let q be d(-12). Let v be q + -1 + (-11 - -6). What is the highest common divisor of v and 16?
4
Let d be 2/12 - (16/24 - (-35)/(-14)). Let o(a) = -a**3 - 4*a**2 + 8*a + 2. Let w be o(-6). What is the greatest common divisor of w and d?
2
Suppose 204 = 147*h - 26*h - 1127. What is the greatest common factor of h and 3663?
11
Let q(a) = -54*a - 570. Let u be q(-22). What is the highest common factor of 12 and u?
6
Let f(a) be the second derivative of -7/6*a**3 + 19*a + 0 - 19/2*a**2. Let w be f(-13). Calculate the greatest common factor of 48 and w.
24
Suppose 159 = -3*t - 5*q - 136, 0 = -3*q - 6. Let x = t + 100. Calculate the greatest common divisor of 15 and x.
5
Let k(q) be the second derivative of q**5/10 - 7*q**4/12 - q**3 - 7*q**2/2 - 3*q + 6. Let h be k(5). What is the greatest common divisor of 6 and h?
2
Let m be 1 + 170 + (-13)/(65/10). Suppose -m = 15*h - 844. Let t be 311 - (2 - 3) - -3. Calculate the highest common divisor of t and h.
45
Suppose 2*y + 4*b = 14, -6*y + 3*b = -3*y + 6. Suppose 2*a - 2 + 22 = 0. Let c = a - -19. Calculate the highest common factor of c and y.
1
Let m(a) = -a**3 - 26*a**2 - 51*a - 16. Let w be m(-24). Let j be -1*(-9224)/w + 4/14. What is the greatest common divisor of 33 and j?
33
Suppose 127*y - 275*y = -131*y - 5899. What is the highest common factor of 2 and y?
1
Suppose 1430 = 33*j + 1166. What is the highest common factor of j and 776?
8
Let r be ((-302)/3 - 0)*(-198 - -180). Calculate the greatest common divisor of r and 60.
12
Let j(n) = -n**3 + 4*n**2 + 5*n + 3. Let h be j(5). Suppose -77 = 4*y - 3*b, h*y + b - 39 = 5*y. Let g = -8 - y. What is the greatest common divisor of 3 and g?
3
Let k(i) = -3*i + 19. Let a be k(5). Suppose 0 = c - 5*c + 356. Suppose a*h = 159 + c. What is the greatest common factor of 155 and h?
31
Suppose 201*y - 129*y - 10944 = 0. What is the greatest common divisor of 1045 and y?
19
Let h(t) = -12*t**2 + 119*t - 29. Let b be h(5). What is the highest common factor of b and 1582?
14
Let n = 59 + -57. Suppose -6 = 3*g, -f - n*f = 3*g - 804. Calculate the highest common divisor of f and 54.
54
Let q(z) = -z**3 - 22*z**2 - 17*z + 86. Let o be q(-21). Let d(a) = 14*a + 8. Let p be d(4). What is the greatest common factor of o and p?
2
Let t(y) = -13*y + 5. Let u(h) = h**2 - 5*h + 1. Let o be u(9). Let q = o - 47. Let x be t(q). Calculate the greatest common factor of 15 and x.
15
Suppose 2*v - 3644 = 4*z, 4*v + 3*z = 5483 + 1772. Suppose 22*a = -v + 7184. Calculate the highest common factor of a and 305.
61
Suppose -7*v - 31 = 102. Let y be (-4)/(-14) + v/(-7). Suppose -m - n + 20 = 0, -3*m + y*n + 5 = -49. Calculate the highest common divisor of m and 76.
19
Suppose -4*v + 124 = 4*b, -14*b - 142 = -4*v - 12*b. Calculate the greatest common factor of 356 and v.
2
Let z(b) = -3*b - 10. Let s = 27 - 32. Let f be z(s). Suppose 3*d = -4*j + 7, -3*j + 5*j = -3*d + f. Calculate the greatest common factor of 1 and j.
1
Suppose -3*j - 6 + 54 = 0. Suppose -2*d - 2*i = -210, 68*d - i = 64*d + 415. Calculate the highest common factor of d and j.
8
Suppose 5*b - u = 16752, -8*b - 5*u = -12*b + 13431. What is the greatest common factor of 985 and b?
197
Let q 